- 7*g - 13*g. What are the prime factors of g?
2, 13487
Let r be 1/2 + -1 + 17/34. Let k = r - 0. Suppose k = -5*y + 75 + 125. List the prime factors of y.
2, 5
Suppose 0 = 8*u - 6 - 74. Suppose 5*z + 3*w = 10, -w = -3*w - u. Suppose -336 - 64 = -z*s. What are the prime factors of s?
2, 5
Suppose 3*n = -2*l + 1, -1 = -2*l + 5*n - 8. List the prime factors of (4 - (-90)/(-8))/(l/8).
2, 29
Suppose 1334 = 23*h + 6*h. Let i(t) = t**3 - 6*t**2 + 6*t + 7. Let n be i(5). Suppose -n = -a + h. List the prime factors of a.
2, 29
Let i(b) = -b**3 - 8*b**2 - 10*b - 50. Suppose -26*r + 20 = -28*r. List the prime factors of i(r).
2, 5
Let s(w) = 2*w - 8. Let m be s(3). Let x be 1 + (m - 216/(-1)). Suppose -59 = 3*b - x. List the prime factors of b.
2, 13
List the prime factors of (-2)/(-22) - (-4315701)/429.
2, 5, 503
Let y = 17 + 62. Let x = y + 793. List the prime factors of x.
2, 109
Let r(p) = -7*p**2 - 2*p + 2. Let f be r(2). Let j = -45 - -151. Let x = j + f. List the prime factors of x.
2, 19
Suppose 5*p + 15 = 0, -44*p - 14778 = -4*k - 46*p. Suppose -13*v + k = -2*v. List the prime factors of v.
2, 3, 7
Let o(f) = 178*f - 186. Let s = 75 - 69. List the prime factors of o(s).
2, 3, 7
Suppose -5 = l, -19*v + 18054 = -18*v - 3*l. Suppose 41*g = v + 4306. What are the prime factors of g?
5, 109
Suppose 0 = -y - 2, -1347 = -i - 2*i + 3*y. Suppose -i = f - 4*u - 1972, -5*u = -5*f + 7595. What are the prime factors of f?
37, 41
Suppose 5027 = 2*a - 8709. Suppose 45*t - 11*t - a = 0. What are the prime factors of t?
2, 101
Let x(n) be the third derivative of -5*n**4/8 + 20*n**3 - 141*n**2. List the prime factors of x(-9).
3, 5, 17
Let g = -29419 + 42631. What are the prime factors of g?
2, 3, 367
Let w = -1062 + 277. Let f = 757 - w. List the prime factors of f.
2, 3, 257
Let j(t) = t - 13. Suppose 2*z = u - 11, -2*u - 4*z - 31 = -7*u. Let s(i) = i - 14. Let h(f) = u*j(f) - 2*s(f). What are the prime factors of h(19)?
2
Let i be (-2 + 1)/(1/6). Let w(o) = -162*o - 1635. Let k be w(-13). What are the prime factors of (0 + k/i)/((-3)/6)?
157
Suppose 45*q + 20*q = 11*q + 1157436. List the prime factors of q.
2, 7, 1531
Let h(r) = 7*r - 91. Let v be h(13). Suppose 2*d + d + 3*a = 777, -2*a - 10 = v. What are the prime factors of d?
2, 3, 11
Let v(d) be the second derivative of 1/12*d**4 + 0 - 6*d**2 + 12*d + 17/6*d**3. What are the prime factors of v(-18)?
2, 3
Let z(m) = -29*m - 133. Let a be 0 - (56 + 0)/7. List the prime factors of z(a).
3, 11
Let z(m) = m**3 + m**2 + 2. Let a be z(0). Suppose q = 3*d + 2*q - 9, a*d = 4*q - 8. List the prime factors of 70 - d - 4 - -3.
67
Let u(l) = 8*l**2 - 2. Let i be u(2). Suppose -3*x = -4*h + i, h = 2*x + 2*x + 14. Suppose -a = -3*g - h, -18 = -3*a - 4*g + g. List the prime factors of a.
2, 3
Let w = 44652 - 15139. What are the prime factors of w?
11, 2683
Let b(o) be the first derivative of -75*o**2/2 - 70*o + 44. What are the prime factors of b(-4)?
2, 5, 23
Suppose 8*d - 1125 - 8091 = 7992. What are the prime factors of d?
3, 239
Let k be 2 + (-2)/(3 + -2). Suppose k*a - 4 = -a. What are the prime factors of ((-5 - 166) + a)/(-1)?
167
Let y be 2331/12 - (42/24)/7. What are the prime factors of -5*1/1 + y?
3, 7
Suppose 2*r - 39 = -5*d, 4*d + 1 = -r + 31. Let t(s) = -12 + 3*s - 3*s**2 + 4*s**3 - 2*s**2 - 2*s**3 - s**3. List the prime factors of t(d).
107
Let r(p) = -7625*p - 40. List the prime factors of r(-1).
5, 37, 41
Let z = -56 + 61. Suppose -z*t = -t - 944. List the prime factors of t.
2, 59
Let v(y) = -y**3 + 6*y**2 + 4. Suppose 4*i = 3*k - 34, 0*i = -k - 3*i - 6. Let q be v(k). List the prime factors of (-10)/(-15)*1518/q.
11, 23
Suppose 4*k = -w + 54988, 0 = 5*k - 2*w - 24025 - 44697. List the prime factors of k.
2, 3, 29, 79
Let j(x) = 71*x**2 + 43*x - 200. List the prime factors of j(18).
2, 11789
Let m(z) = 2*z**3 + 5*z**2 - 1. Let o be m(-2). Suppose 2*b = o*k - b - 495, -2*k + 3*b + 326 = 0. Let j = -107 + k. What are the prime factors of j?
2, 31
Let f(t) = 51*t + 34. Let j(v) = 12*v - 7 - 8*v - 14*v. Let x(l) = -4*f(l) - 22*j(l). List the prime factors of x(8).
2, 73
Let d(g) = -2*g**3 + 43*g**2 + 44*g + 61. List the prime factors of d(21).
2, 23, 31
Let b(c) = 17*c**3 + 2*c**2 - 52*c - 9. What are the prime factors of b(6)?
3, 7, 163
Let f be (-10 + -3 + 10)/((-1)/10). What are the prime factors of f/(-18) - 4/(-24)*2098?
2, 3, 29
Suppose -5*d + 16600 = 2*u, 176*d + 4*u + 3320 = 177*d. List the prime factors of d.
2, 5, 83
Let c = 34998 - 18472. What are the prime factors of c?
2, 8263
Let d(i) be the first derivative of -i**4/4 + 28*i**3/3 + 3*i**2 + 86*i - 104. List the prime factors of d(28).
2, 127
Let h(m) = 6*m + 6. Let p be h(1). Suppose 0 = -10*a + p*a - 176. Let b = a - -80. What are the prime factors of b?
2, 3, 7
Let q = 32 - 35. List the prime factors of (-4 - 40/(-12)) + (-524)/q.
2, 3, 29
Suppose 138*l + 150*l = -227*l + 20045860. What are the prime factors of l?
2, 37, 263
Suppose 4*n = 3*y - 19596, 0 = 4*y + 6*n - 10*n - 26124. What are the prime factors of y?
2, 3, 17
Suppose 0 = -3*y - 5*y. Let j(w) = 3*w + 68. Let p be j(y). Suppose -88 = -2*h + p. List the prime factors of h.
2, 3, 13
Suppose -g = -488 + 362. Let f = 486 - g. What are the prime factors of f?
2, 3, 5
Let a(l) = 23*l + 20. Let r be a(25). Suppose r + 315 = 7*b. Suppose -o + b = 30. List the prime factors of o.
2, 5
Let u be (1 + -129)*-8 + (106 - 111). Suppose 2 = -2*d + 12, -3*f - d = -u. List the prime factors of f.
2, 13
Let h(v) = -v**3 - v**2 - v - 52. Let q be h(0). Let z = -42 + q. List the prime factors of (z/3)/(4/(-6)).
47
Let k(i) = 7*i**3 - 11*i**2 + 23*i - 30. List the prime factors of k(8).
2, 37, 41
Suppose -20*x + 58518 = -98842 - 113680. List the prime factors of x.
2, 7, 11
Let t = 2000 + -1046. What are the prime factors of t?
2, 3, 53
Let l(m) = 17*m**2 - 72*m + 91. List the prime factors of l(28).
3, 7, 181
Suppose s - 15 = 5*q + 2*s, -3*s = 5*q + 5. Let c be 3 + 0*1/(-4) + 2. What are the prime factors of -2*(1910/q)/c?
191
Suppose -2*k + 97 - 107 = 0, -19285 = -3*x - 4*k. List the prime factors of x.
3, 5, 11, 13
Suppose 0 = 4*j - 2*m - 132584, -19*j + 16*j = m - 99443. List the prime factors of j.
3, 29, 127
Suppose 326 = 2*j - 1922. List the prime factors of j.
2, 281
Suppose -40*t + 1306656 = 56*t. List the prime factors of t.
3, 13, 349
Suppose -1 + 10 = 3*k. Let o(s) = -s**3 + 2*s**2 + 4*s - 1. Let u be o(k). Suppose 10*j - 9*j = u*b + 144, b + 141 = j. What are the prime factors of j?
2, 3, 23
Suppose -3*p - 136 - 4 = -i, -i + 116 = 5*p. Let r = i - 68. Let u = -33 + r. List the prime factors of u.
2, 3, 5
Let a(d) = 53*d**2 - 3*d + 1. Let r be a(1). Suppose 0 = -5*y - 15, y = s + 2*s - r. List the prime factors of 573/8 - (-6)/s.
2, 3
Let p(w) = 12*w**3 + 4*w**2 + 7*w - 15. Let n(l) = -l**2 + 9*l + 40. Let x be n(12). What are the prime factors of p(x)?
5, 13
Let l(f) = -86*f + 24. Suppose 0 = -27*w + 11 - 65. What are the prime factors of l(w)?
2, 7
Let z = -12389 - -22886. What are the prime factors of z?
3, 3499
Let q(a) = 105*a + 317 - 26*a + 108*a. List the prime factors of q(5).
2, 313
Suppose 4*m - 23204 = 3*y, -52*m - 38660 = 5*y - 56*m. What are the prime factors of (1 + -2)/(14/y)?
2, 3, 23
Suppose -6 = 2*t, 3*r + t = -t - 222. Let c = 115 + r. What are the prime factors of c?
43
Let j = 31596 + -14713. What are the prime factors of j?
16883
Suppose f - 2634 - 13063 = 5*k, k + 31340 = 2*f. List the prime factors of f.
15667
Suppose -77*t + 44 = -66*t. Suppose 5*x + 5*y = 7280, -2*x + 4*y = -t*x + 2904. What are the prime factors of x?
2, 5, 73
Suppose 0 = -2*q + 6*q - 2*h - 18664, -2*h + 13984 = 3*q. List the prime factors of q.
2, 11, 53
Suppose 7*b - 4*b - 12 = 0. Suppose -2*r - 305 = -2*q + 1581, -3737 = b*r + 3*q. What are the prime factors of 32/(-144) - r/9?
2, 13
Let q = 10626 - 1330. What are the prime factors of q?
2, 7, 83
Let f(a) = 9*a**2 - 40*a + 2. Let y be f(-14). Suppose 85 = 5*d - 3*k - 2243, 5*d - k = y. List the prime factors of d.
3, 5, 31
Let d = -19962 - -34639. What are the prime factors of d?
13, 1129
Let o(a) = a - 9*a + a + 5 - 21. Let p be o(7). Let r = p + 150. What are the prime factors of r?
5, 17
Suppose -345 = 7*b - 107. Let h = -41 - b. Let 